se -4*p = -z + q, -4*p + 24 - 499 = -5*z. List the prime factors of z.
3, 11
Let k(l) = -l**2 + 4*l + 3. Let y be k(4). Suppose y*a + 18 = 5*a. What are the prime factors of a?
3
Let d be 5/(15/99) - 4. Let c = d + 35. List the prime factors of c.
2
Suppose -4*c = c - 10. Suppose -c*d + 9*d = 336. What are the prime factors of d?
2, 3
Let s(g) = g**3 - 6*g**2 + 4*g + 2. Let m be s(5). Let t(z) = z - 1. Let b(w) = 9*w + 1. Let k(c) = -b(c) + 4*t(c). List the prime factors of k(m).
2, 5
Let q(z) = -6*z**2 + z - 1. Let s be q(2). Let h = 42 + s. Suppose v = 5*g + h, -v + 2*g + 11 = g. What are the prime factors of v?
3
Let h(g) be the third derivative of 7*g**2 + 0*g + 0 - 1/2*g**3 + 1/60*g**5 - 5/8*g**4. What are the prime factors of h(16)?
13
Let k be (-1 - (-35)/25)*45. Suppose v - k = -2. List the prime factors of v.
2
Suppose -6*w + 3267 = 5*w. What are the prime factors of w?
3, 11
Suppose 6*g + 5 = 17. Let c = 17 - g. What are the prime factors of c?
3, 5
Let r(p) = -p**2 - 4*p - 4. Let z be r(-4). Let n be 0/(4/(z + 2)). List the prime factors of (n + (-3 - -2))*-4.
2
Let k(p) = p**2 - 5*p - 6. Let a be k(5). What are the prime factors of (-4)/a + (-16)/6 + 52?
2, 5
Suppose 2*v + 5*r - 1590 = 0, -5*v - 7*r + 8*r = -4029. What are the prime factors of v?
5, 7, 23
Let g(m) = m**3 + m**2 - 4*m - 5. Let x be g(-2). What are the prime factors of x + 127/(-4)*(-5 + 1)?
2, 3, 7
Let p = 226 - 415. Let i = p - -405. What are the prime factors of i?
2, 3
Suppose 2*y + q - 19 = 0, 0 = -4*y - 9*q + 4*q + 47. Suppose 5*l - 197 = 2*s, 75 = 2*l - 5*s - y. What are the prime factors of l?
3, 13
Suppose -2*w = 4*c - 2062, w = -5*c + 4*c + 517. List the prime factors of c.
2, 257
Let d be 2*((-1)/2 + 1)*2. Suppose d*l - 3*c = 2*c + 277, 4*c + 20 = 0. List the prime factors of l.
2, 3, 7
Let w(n) be the first derivative of n**4/2 + 2*n**3/3 - n**2/2 + 2*n + 1. Suppose 0*m - f = 2*m - 3, -2*m + 8 = -4*f. What are the prime factors of w(m)?
2, 3
Suppose 3*s = -5*n + 6477, -5*n + 5087 = 2*s + 774. What are the prime factors of s?
2, 541
Suppose -3*t = -4*d - 1967, -9*t + 4*t + 2*d + 3283 = 0. List the prime factors of t.
3, 73
Suppose 0 = 4*z + 2*l - 20, 3*z + 2*l + 0*l - 14 = 0. Let h(q) = -q**2 - 11 + 3 + 0*q**2 + 10*q. What are the prime factors of h(z)?
2
Suppose -5*z + 3*w + 24 = 0, 0 = -3*z - 2*w - 3*w + 28. Let s(a) = 2 + 0*a - 4*a**2 + 2*a + z*a**3 - a. What are the prime factors of s(2)?
2, 3
List the prime factors of ((-217)/(-2) - 6)*2.
5, 41
Suppose 15 = 4*n + 7. Let s be 392/n - (-5 - -5). What are the prime factors of (-16)/(-40) + s/10?
2, 5
Suppose -r - p = -244, 5*p - 2 = 18. List the prime factors of r.
2, 3, 5
Suppose -672*k + 670*k = -6. Let i = 6 + -1. Suppose i*b - k*b = 38. What are the prime factors of b?
19
Let m(w) = 73*w - 2. Let t be m(2). Suppose 0*s + t = 4*s. Suppose o - s = -3*o. What are the prime factors of o?
3
List the prime factors of 84/147 + (-61928)/(-14).
2, 7, 79
Let t = -395 + 398. Suppose -4*q + 73 = 5*p, -23 = -5*q - p + 63. Suppose t*k = 50 - q. List the prime factors of k.
11
Let u = 4 - 10. Let p(h) = h + 8. Let c be p(u). Suppose c*r - z + 4 = -5*z, -2*z = 2*r - 6. List the prime factors of r.
2
Let t(b) = -4*b. Let k be t(-1). Let p = k + 33. Suppose -1 = 2*w - p. What are the prime factors of w?
2, 3
Suppose 3*c = 3, 0 = -3*b + 2*b - 4*c + 5. Let r(n) be the second derivative of 7*n**5/10 + n**4/12 + 6*n. What are the prime factors of r(b)?
3, 5
Let v(t) = -42*t + 3. Let y(a) = a**3 + 11*a**2 - a + 3. Let j be y(-11). Let d = 13 - j. What are the prime factors of v(d)?
3, 5
What are the prime factors of (16/(-12))/(4/(-2802))?
2, 467
Let q = -10 - -12. Suppose -h + 4 = q. Suppose 6*w - 52 = h*w. List the prime factors of w.
13
Let i(s) = 35*s**2 + 6*s**2 + 2 - 2. Let o be i(1). Suppose 5*d - 74 = o. What are the prime factors of d?
23
Suppose -f - 2 = -9. Let j = 15 - f. Let m = j - -9. What are the prime factors of m?
17
Let c = 467 - -30. List the prime factors of c.
7, 71
Suppose -r = 3*q - 1617, 17*q + 2693 = 22*q + r. List the prime factors of q.
2, 269
Let r be 36/(-3 - 255/(-80)). Suppose -3*m - 74 = -c, 0 = -3*c - 0*c - m + r. List the prime factors of c.
5, 13
Let g(t) = 256*t + 236. What are the prime factors of g(9)?
2, 5, 127
List the prime factors of (-5)/(-1)*(43 - 0).
5, 43
Let m(q) = 2*q + 36. Let i be m(-16). Let z(t) = 7*t**2 - 11*t + 20. List the prime factors of z(i).
2, 11
Let x(g) = -g**2 + 23*g + 6. Let y be x(23). Let w(l) = -3*l. Let j be w(-1). List the prime factors of 5 - 0 - y/j.
3
Let q(c) = -40*c + 3. Suppose 4*g = t - g + 27, t = 2*g - 12. What are the prime factors of q(t)?
83
Let g be (-173)/(-2 - (0 - 1)). Let i = -110 + g. What are the prime factors of i?
3, 7
Let m be (-26)/91 + (-46)/(-14). Suppose -4*n + 0*y = -2*y - 66, m*y - 27 = -3*n. What are the prime factors of n?
2, 7
Let t(f) be the first derivative of 37*f**2/2 - f - 11. What are the prime factors of t(1)?
2, 3
Let f(v) = -v**2 - 4*v + 10. Let d be f(-5). Suppose 5*p - 3*s - 297 = -2*s, -3*s - 291 = -d*p. List the prime factors of p.
2, 3, 5
Let c = -31 + 33. Let k = 5 - c. Suppose -5 = -p, 0*p + 227 = k*l + p. What are the prime factors of l?
2, 37
What are the prime factors of (-9)/(-45) - (1 - (-4808)/(-10))?
2, 3, 5
Let v(i) be the second derivative of i**4/12 + 7*i**2/2 + 10*i. List the prime factors of v(-7).
2, 7
Let c(s) = -190*s**3 - s**2 - s + 1. Let g be c(1). Let u = -73 - g. Suppose 4*t + 18 - u = 0. List the prime factors of t.
5
Let i(h) = 247*h - 41. What are the prime factors of i(6)?
11, 131
Let n(f) = 7*f**2 + 26*f + 27. List the prime factors of n(-10).
467
Suppose -5*r - 3*o + 730 + 124 = 0, -o = 4*r - 679. Let v = 142 + r. What are the prime factors of v?
311
Let n = 2733 + -2610. List the prime factors of n.
3, 41
Let k(x) = -58 + 6*x + 15 - 6. List the prime factors of k(20).
71
Suppose -2*l + p = -1003, 4*l - 2365 = -4*p - 353. What are the prime factors of ((-3)/6)/((-1)/l)?
251
Let t be (-4)/14 + (-60)/(-14). Suppose 2*u + i = -u + 202, 0 = -4*u - t*i + 256. What are the prime factors of u?
3, 23
Let i(o) = 5*o - 5. Suppose 4 = -5*x + 54. Let l be i(x). Let g = l + -13. What are the prime factors of g?
2
Let w = 21 - 21. Suppose 7*q - 416 - 473 = w. List the prime factors of q.
127
Let x = 3007 - 771. List the prime factors of x.
2, 13, 43
Let t(z) = 15*z**2 - 10*z - 31. List the prime factors of t(-5).
2, 197
Let b(s) = 3*s**3 - 15*s**2 + 10*s + 9. What are the prime factors of b(6)?
3, 59
Let c = 94 + 109. List the prime factors of c.
7, 29
Let o(j) = 2*j**3 - 19*j**2 + 16*j - 11. Let v = 169 - 159. What are the prime factors of o(v)?
3, 83
Let c(d) = -97*d**2 - 2*d + 7. Let q be c(-9). What are the prime factors of 6/27 - q/72?
109
Let b(v) = 2*v**3 + 39*v**2 - 15*v - 37. What are the prime factors of b(-17)?
1663
Let g(m) = -m**2 - m. Let w be g(-2). Let t be -207 + w - (-3 - -6). List the prime factors of 3/(-4 - t/52).
3, 13
Let n be (-2)/(-8) - (-3 - 2/(-8)). Suppose 0 = 3*z + z - b - 1059, -n*z - 5*b = -823. List the prime factors of z.
2, 7, 19
Let x(a) = -7 + 1 + 7*a + 2*a - a. List the prime factors of x(4).
2, 13
Let w(k) = -796*k + 45. What are the prime factors of w(-2)?
1637
Suppose 28290 = 192*h - 162*h. List the prime factors of h.
23, 41
List the prime factors of (-5 - (-39)/9)/((-2)/1458).
2, 3
Let s(g) = -100*g - 2. Let y be s(-1). Let p = 196 - y. What are the prime factors of p?
2, 7
Suppose -w = f - 633, 4*f + 10*w - 7*w - 2530 = 0. List the prime factors of f.
631
Suppose -64 = -6*v + 2*v. Suppose -y = -3*o + y + v, 3*y = -4*o + 10. What are the prime factors of o/12*3 + 20?
3, 7
Let f be 0 - -43 - -1 - -1. Suppose 4*w + 0*w = -r - f, -r = -5*w - 63. Let s = 22 + w. List the prime factors of s.
2, 5
Suppose 90 + 145 = d - 3*m, d - 235 = 5*m. List the prime factors of d.
5, 47
Suppose 2*q - q + 9 = 0. Suppose -3*y = -s - 49 - 98, 2*y = -3*s + 87. Let n = y + q. What are the prime factors of n?
3, 13
List the prime factors of 5 - (-401 - (-4 + 1)).
13, 31
Suppose 5*k + 1515 = -2*r, -r + 930 = -3*k + 2*r. Let m = -178 - k. List the prime factors of m.
127
Suppose 7*l - 370 = 2*l. Suppose 2*t - l = -q, 0 = 5*q - 5*t - 158 - 242. What are the prime factors of q?
